{"id":28,"date":"2021-02-16T11:33:58","date_gmt":"2021-02-16T11:33:58","guid":{"rendered":"https:\/\/linacoll.com.mialias.net\/?page_id=28"},"modified":"2023-09-20T17:36:36","modified_gmt":"2023-09-20T17:36:36","slug":"inicio","status":"publish","type":"page","link":"https:\/\/linacoll.com\/","title":{"rendered":"Inicio"},"content":{"rendered":"\n<p>Trabajamos con varias compa\u00f1\u00edas de seguros.<\/p>\n\n\n\n<p>Si est\u00e1s pagando mucho de Gas y Electricidad, no dudes en pedirnos <a href=\"https:\/\/linacoll.com\/?page_id=22\" data-type=\"link\" data-id=\"https:\/\/linacoll.com\/?page_id=22\">presupuesto<\/a>.<\/p>\n\n\n\n<p>Si quieres vender y\/o comprar, conf\u00eda en nosotros, ahora tambi\u00e9n nos dedicamos a la inmobiliaria.<\/p>\n","protected":false},"excerpt":{"rendered":"<p>Trabajamos con varias compa\u00f1\u00edas de seguros. Si est\u00e1s pagando mucho de Gas y Electricidad, no dudes en pedirnos presupuesto. Si quieres vender y\/o comprar, conf\u00eda en nosotros, ahora tambi\u00e9n nos dedicamos a la inmobiliaria.<\/p>\n","protected":false},"author":1,"featured_media":244,"parent":0,"menu_order":0,"comment_status":"closed","ping_status":"closed","template":"page-templates\/page_fullwidth.php","meta":{"footnotes":""},"_links":{"self":[{"href":"https:\/\/linacoll.com\/index.php?rest_route=\/wp\/v2\/pages\/28"}],"collection":[{"href":"https:\/\/linacoll.com\/index.php?rest_route=\/wp\/v2\/pages"}],"about":[{"href":"https:\/\/linacoll.com\/index.php?rest_route=\/wp\/v2\/types\/page"}],"author":[{"embeddable":true,"href":"https:\/\/linacoll.com\/index.php?rest_route=\/wp\/v2\/users\/1"}],"replies":[{"embeddable":true,"href":"https:\/\/linacoll.com\/index.php?rest_route=%2Fwp%2Fv2%2Fcomments&post=28"}],"version-history":[{"count":18,"href":"https:\/\/linacoll.com\/index.php?rest_route=\/wp\/v2\/pages\/28\/revisions"}],"predecessor-version":[{"id":285,"href":"https:\/\/linacoll.com\/index.php?rest_route=\/wp\/v2\/pages\/28\/revisions\/285"}],"wp:featuredmedia":[{"embeddable":true,"href":"https:\/\/linacoll.com\/index.php?rest_route=\/wp\/v2\/media\/244"}],"wp:attachment":[{"href":"https:\/\/linacoll.com\/index.php?rest_route=%2Fwp%2Fv2%2Fmedia&parent=28"}],"curies":[{"name":"wp","href":"https:\/\/api.w.org\/{rel}","templated":true}]}}